= -4*d, q = 2*d - 3. What is m(q)?
5
Let p(k) = 10*k - 1. Suppose 5*r - r = -3*x + 60, -r - 2*x + 10 = 0. Suppose 2 = 4*w - r. Suppose w*h + 6 = 1. What is p(h)?
-11
Let n(w) be the first derivative of 1/3*w**3 + 0*w + 2*w**2 - 7 + 1/6*w**4. Let s(l) be the second derivative of n(l). Calculate s(-2).
-6
Let p(l) = -2*l**2 + 5*l - 3. Suppose h + 5*x - 147 = 4*x, -4*x + 4 = 0. Let u = 149 - h. Give p(u).
-6
Let w = 272 + -267. Let x(p) = -p**2 + 3*p + 1. What is x(w)?
-9
Let u(v) = 4*v**2 + 10*v - 15. Let r(d) = 3*d**2 + 7*d - 9. Let y(t) = 8*r(t) - 5*u(t). Determine y(-5).
73
Let i(c) = c**3 + 4*c**2 + 4*c + 2. Let h(u) = -2*u. Let z be h(5). Let w = z + 15. Suppose o + 8 = b, 5*o - b - w = -25. Determine i(o).
-1
Let u = 6 + -1. Suppose -u*b - 5*l + 30 = 0, -4*b = -4*l - 0*l + 8. Let n(z) = -55*z + 51*z + b + 1. Give n(2).
-5
Let q(a) = -a**3 - 6*a**2 - 9*a - 4. Suppose -6*w + 4*c = -4*w + 8, 3*w = -4*c - 12. Let j be q(w). Let h(g) = -g**2 + 13. Give h(j).
13
Suppose 0 = -2*w + 2*y + 14, w - 16 = 3*w + 4*y. Let t(x) = 2*x + 6. What is t(w)?
10
Let j(f) = 3 + f**3 - 2*f - 4*f**3 + 1 - 5 + 19*f**3. Calculate j(-1).
-15
Suppose -6 = -3*o + 5*r, -o - 4*r - 6 + 8 = 0. Suppose 3*d - o = 2*j, -3*d + 0 - 3 = -3*j. Let k(b) = -5*b + 3. Calculate k(d).
-17
Let l(f) = -2*f**2 - 7*f - 4. Let v be l(-3). Let a(q) = -q + 1. Let p(s) = -s**3 - 3*s**2 + s - 1. Let c(h) = v*p(h) + 2*a(h). Calculate c(-4).
-1
Suppose 3*d - 5*d = -14. Let k(o) = -6*o + 2 - d + 3*o + 4. Give k(-1).
2
Suppose 6 = 2*n + 2. Let r(k) = 15*k - k**2 - 14*k + 3 - n - 11*k**3. Determine r(-1).
10
Suppose 40 = 4*f - 4*r, -3*f + r - 16 = -54. Let b(p) = 16*p + f*p - 2 - 31*p. Give b(-6).
4
Let n(p) = -p + 3*p**3 + 8 + 4*p - 12*p - 4*p**3 - 7*p**2. Let s be n(-5). Let t(o) = -o**3 + 4*o**2 - 4*o + 3. Determine t(s).
0
Let i be 53/4 + (17 - (-1314)/(-72)). Let g(j) = j**2 - 11*j - 6. Determine g(i).
6
Suppose s - 5*f = 0, 2*f = -4*s + 4*f. Let c(g) = -6*g + s*g - 8*g + 13*g. Give c(0).
0
Let c be (-1)/(-4) - 30/(-8). Let b(v) = -v**3 + 4*v**2 - 2*v + 2. Let h be b(c). Let n be (-49)/21 - 2/h. Let f(t) = -t**2 - 1. Give f(n).
-5
Suppose 0 = 5*s - 5, s + 0 = u - 1. Suppose 15 = 2*g + g. Let b(y) = 0*y - 2*y - g + 3. Give b(u).
-6
Suppose 5 = 2*h - 19. Let d(n) = -h*n**3 + n + 3*n**2 - 2 + 13*n**3 - n**2. Determine d(-3).
-14
Let p(n) be the third derivative of 11*n**2 + 0 + 0*n - 1/2*n**3 + 1/12*n**4. Determine p(-3).
-9
Suppose -50 = -5*m + 3*c, -48 = -5*m - 3*c + 2. Let z(t) = -8 + 1 + m*t - 16*t - t**2. What is z(-5)?
-2
Let u(r) = 5 - 5 - r + 6. Let n(b) = b**2 + 3*b + 3. Let v be n(-3). Let k = v + 0. Calculate u(k).
3
Let t(m) be the first derivative of -m**4/4 + 10*m**3/3 - 6*m - 174. What is t(10)?
-6
Let s(y) = -y**3 - 6*y**2 - 3*y + 2. Let f = 0 - 41. Let c = 36 + f. Calculate s(c).
-8
Let a be 10/4 - (-3 - -5). Let j(z) be the first derivative of a*z**2 - 11/4*z**4 + 0*z**3 + z - 2. Give j(-1).
11
Let r(n) = 11*n - n**2 - n - 7 - 2*n. Let v be (1 - 55/(-11)) + 0. What is r(v)?
5
Suppose w - 5*f + 21 = 0, w - 4*f + 21 = -4*w. Let h(z) = 16*z + 1. What is h(w)?
-15
Suppose 56 = -15*z - 4. Let v(y) be the third derivative of -y**4/12 - 2*y**3/3 + y**2. Determine v(z).
4
Let b be (-1*(-12 + 3) - 4) + 1. Let t(x) = -b*x**2 - 63 + 32 + 32. Calculate t(1).
-5
Let p(g) = -g**3 - g - 1. Suppose -u + y = -13, -6*y + 9*y = 15. Let w(h) = -5*h**3 - h**2 - 4*h - 4. Let l(j) = u*p(j) - 4*w(j). Give l(2).
26
Let b(j) = -j**2 + 5. Let f = 111 + -40. Let k = -75 + f. What is b(k)?
-11
Let x(c) = 5*c**3 + c**2 - c - 2. Let d(v) = 12*v**3 + 2*v**2 - 2*v - 5. Let m(o) = -3*d(o) + 7*x(o). Give m(1).
0
Let o(p) = -3*p - 34. Let m be o(12). Let l be (-37)/(-7) + 4/m*5. Let i(y) = -y**3 + 5*y**2 + y - 6. Calculate i(l).
-1
Let w = -40 - -49. Let d(r) = 12 - 5*r + 2 + 4*r - 7. Determine d(w).
-2
Let a(s) be the second derivative of s**4/12 - s**3/6 + s**2/2 + 5*s. Suppose -y = 2*y - 12. Suppose -5*x + 3 = -y*x. What is a(x)?
7
Let n(d) be the third derivative of -d**6/120 + d**5/12 - d**4/6 - d**3/6 + 8*d**2 - 1. Calculate n(4).
-1
Let g = -1058 - -1061. Let n(l) = l**3 - 6*l**2 + 6*l + 4. Determine n(g).
-5
Suppose 6*l - 162 = 33*l. Let u(h) = -2*h + 5*h + 12 - 2*h. Calculate u(l).
6
Let n(z) be the first derivative of -2 + z - 1/3*z**3 - 3/2*z**2. Let x = -43 + 45. Give n(x).
-9
Let n(p) = -10*p + 7. Let w(s) = -6*s + 5. Let v(k) = -3*n(k) + 4*w(k). Determine v(-3).
-19
Let n = 411 - 405. Let t(o) = 2*o - 7. Give t(n).
5
Let d(u) = -u + 7. Suppose 2*v - 24 = -v. Suppose l = -2*n, 9*l - v = 4*l - 2*n. Suppose -2*b = -l - 6. What is d(b)?
3
Let n(o) = -o**3 + 5*o**2 + 3*o - 20. Let q be n(5). Let d(u) = u**3 + 5*u**2 + 5*u - 1. Give d(q).
-26
Let q(a) be the second derivative of a**4/8 - 5*a**3/6 + 17*a**2/2 + 9*a. Let r(s) be the first derivative of q(s). What is r(4)?
7
Let i(g) = -3*g + 5. Let b = 329 - 333. Calculate i(b).
17
Let i(v) = -10*v**3 + 18*v**2 - 6*v + 11. Let x(w) = -w**3 + 3*w**2 - w + 2. Let p(t) = i(t) - 6*x(t). Determine p(1).
-5
Let y(w) be the second derivative of -5*w**3/6 + 9*w**2 + 40*w. Give y(3).
3
Let v be (-846)/(-72) - 2/(-8). Suppose 0 = -4*y - v - 0. Let u(n) = n**2 + n - 2. Give u(y).
4
Suppose -4*u + 5*q - 45 = 0, -7 = 2*q - 17. Let c(s) = -s - 8. Let j(m) = 2*m + 9. Let x(p) = -3*c(p) - 2*j(p). Give x(u).
11
Let q(b) = 4*b - 3. Let m(w) = -w + 1. Let u be -3 + 9 - (-12)/3. Let y(x) = u*m(x) + 2*q(x). Calculate y(7).
-10
Let p(l) = l**3 + 6*l**2 - 16*l - 3. Let m be p(-8). Let b(c) = c**2 + 3*c + 2. What is b(m)?
2
Let j(l) = -19*l + 110. Let u be j(6). Let k(g) = -2*g - 1. Calculate k(u).
7
Let h(o) = -o**2 - 5*o + 7. Suppose w = 3*b + 5, -5*w + 97 = 4*b - b. Suppose -13*m + 16 = -w*m. Let z be m*1/(-6)*-9. Calculate h(z).
1
Let a(f) = f + 36. Suppose -13 = -7*k - 118. What is a(k)?
21
Let j(q) = -3*q + 4*q - 14 - 1. Let i(g) = -g + 7. Let k(t) = 5*i(t) + 2*j(t). Give k(4).
-7
Let t(k) = -k. Let x(n) = -30 + 2*n + 18 + 11. Let m(h) = 3*t(h) + x(h). Determine m(5).
-6
Let i(p) = -p + 3*p + 21 + 34 - 19. Let t be i(-14). Let n(h) = h**2 - 8*h - 6. Determine n(t).
-6
Suppose -5*a = 3*k - 95, a - k = -0*k + 11. Let d(v) = -7 + 3*v**2 + a*v - 24*v - 2*v**2. What is d(8)?
-7
Let q(k) = -k**3 + k. Let f(i) = -4*i**3 - 8*i**2 + 14*i - 10. Let j(s) = f(s) - 5*q(s). Suppose r = -0*r + 9. Let l be (r - 0)/(-3) - -10. What is j(l)?
4
Let v(c) = -4*c**2 - 143 + c**3 + 138 + 5*c**2. Give v(0).
-5
Let a(c) = c**3 - 2*c**2 - 14*c - 1. Let l(n) = n**2 - 8*n - 4. Let j be l(9). Determine a(j).
4
Let p(r) = -r**3 + 10*r**2 + 2*r - 15. Let w be p(10). Suppose 0 = w*k - 25 - 5. Let t = k + -11. Let z(l) = -l**2 - 4*l + 7. What is z(t)?
2
Let d(x) = -x**2 + x + 6. Let p = 99 - 99. What is d(p)?
6
Suppose -2*d + 76 = -3*c, 3*d = d + 5*c + 84. Suppose -33*r + 29*r = d. Let l(k) = -k - 19. What is l(r)?
-11
Let v be (-2*1/2)/(-1). Let l(h) = v + 2*h - 3*h + 8. Suppose 6*m = -m + 49. Give l(m).
2
Let k = -1 + 5. Suppose 3*q - k*z = -7*z, 2*q + 3*z - 1 = 0. Let m(x) = -18*x - 1. Calculate m(q).
17
Suppose 0*w + 3*f + 4 = -4*w, 0 = 2*w + f + 2. Let z(o) = 15*o**2 - 3*o + 1. Let b(m) = 29*m**2 - 5*m + 2. Let l(t) = 4*b(t) - 7*z(t). Give l(w).
11
Suppose -4*o + 35 = -9*o. Let q(r) = r + 1. Let j be q(o). Let l = -5 - j. Let h(d) = 5*d**2 + d - 1. Calculate h(l).
5
Let a(y) = y**2 + 3*y + 2. Let t be ((-1)/2)/((-4)/176). Let p = 17 - t. Give a(p).
12
Let x be (4 - (-3 + 10))*(-16)/(-24). Let j(r) be the first derivative of r**3/3 - r**2 + 2. Determine j(x).
8
Suppose 5 = 5*w - 5*q, -w = -2*q - 0 - 4. Let a(n) = -3*n**2 - 2*n. Give a(w).
-8
Let y(j) = 17 - 25 + j + j. Let f be 2/7 - 72/7. Let x = f - -16. What is y(x)?
4
Let v(f) = f**3 + 3*f + 3. Let q(d) = -d - 1. Let x(u) = 5*q(u) + v(u). What is x(-2)?
-6
Let n = -119 + 127. Let u(z) = z**3 + 50*z**2 - 49*z**2 + n + 5*z - 6*z. Calculate u(0).
8
Let y(w) be the second derivative of 0 + 3*w**2 - 1/6*w**3 + 4*w - 1/12*w**4. Determine y(-5).
-14
Let s(m) = -8*m + 15. Let d be s(2). Let r(v) = 2*v**2 - 1. Determine r(d).
1
Let h = -185 - -125. Let v = -66 - h. Let j(k) = k**3 + 5*k**2 - 4*k - 4. Give j(v).
-16
Suppose 2*d + 15 = 3*q, 5*d - 4*q = -0*q - 20. Let a be 0/(d - (2 + -1)). Let z(b) = -2*b + 8. Let x(r) = 3*r - 14. Let y(h) = 5*x(h) + 8*z(h